ousands digit of 73797782?
7
What is the ten thousands digit of 1379293558?
9
What is the millions digit of 212976724?
2
What is the tens digit of 130944997?
9
What is the hundreds digit of 114244003?
0
What is the hundreds digit of 43101418?
4
What is the units digit of 464263822?
2
What is the units digit of 130534605?
5
What is the ten millions digit of 73541711?
7
What is the ten thousands digit of 547454236?
5
What is the ten millions digit of 490359934?
9
What is the units digit of 131220206?
6
What is the hundred millions digit of 150922920?
1
What is the hundreds digit of 47853531?
5
What is the thousands digit of 409039477?
9
What is the hundreds digit of 37040866?
8
What is the tens digit of 2496053551?
5
What is the tens digit of 1143904232?
3
What is the thousands digit of 215043932?
3
What is the thousands digit of 295444180?
4
What is the ten millions digit of 250602857?
5
What is the thousands digit of 159798112?
8
What is the thousands digit of 45910270?
0
What is the hundreds digit of 272455923?
9
What is the hundred thousands digit of 370730661?
7
What is the ten millions digit of 33015938?
3
What is the tens digit of 293115228?
2
What is the thousands digit of 2820094715?
4
What is the millions digit of 306957792?
6
What is the hundreds digit of 355008526?
5
What is the millions digit of 1599026478?
9
What is the tens digit of 40697150?
5
What is the hundred thousands digit of 467137264?
1
What is the ten thousands digit of 709767905?
6
What is the ten thousands digit of 1341384991?
8
What is the hundred millions digit of 1421217343?
4
What is the hundreds digit of 6372548715?
7
What is the ten thousands digit of 692610676?
1
What is the hundred millions digit of 135316247?
1
What is the ten millions digit of 1212043756?
1
What is the tens digit of 664345070?
7
What is the hundreds digit of 443747586?
5
What is the millions digit of 7829084?
7
What is the thousands digit of 27148167?
8
What is the hundreds digit of 1380213028?
0
What is the hundred thousands digit of 21480067?
4
What is the thousands digit of 801336660?
6
What is the tens digit of 112023894?
9
What is the tens digit of 771509346?
4
What is the hundred millions digit of 2218407287?
2
What is the millions digit of 154653900?
4
What is the hundred thousands digit of 28717482?
7
What is the hundred millions digit of 3504508737?
5
What is the thousands digit of 13186736?
6
What is the hundreds digit of 619721353?
3
What is the hundred thousands digit of 8213776072?
7
What is the hundred thousands digit of 2083555?
0
What is the tens digit of 1092960738?
3
What is the ten millions digit of 162239387?
6
What is the thousands digit of 1318373219?
3
What is the millions digit of 325315805?
5
What is the units digit of 768912544?
4
What is the hundred millions digit of 456146108?
4
What is the hundred millions digit of 379188962?
3
What is the ten thousands digit of 15743634?
4
What is the ten thousands digit of 103660810?
6
What is the hundred thousands digit of 162375299?
3
What is the thousands digit of 793030778?
0
What is the millions digit of 27955850?
7
What is the hundred millions digit of 312337999?
3
What is the hundred thousands digit of 267249479?
2
What is the units digit of 256987713?
3
What is the units digit of 508837095?
5
What is the millions digit of 86086944?
6
What is the ten millions digit of 199587780?
9
What is the hundreds digit of 894216059?
0
What is the hundred thousands digit of 470287190?
2
What is the ten millions digit of 710999670?
1
What is the hundred millions digit of 1183894453?
1
What is the ten millions digit of 56072981?
5
What is the thousands digit of 187378264?
8
What is the ten thousands digit of 1492621173?
2
What is the hundred millions digit of 143772522?
1
What is the ten millions digit of 1443242548?
4
What is the thousands digit of 5827373857?
3
What is the units digit of 39722233?
3
What is the tens digit of 254801441?
4
What is the units digit of 1195599020?
0
What is the thousands digit of 6414783385?
3
What is the thousands digit of 51503160?
3
What is the units digit of 1450685693?
3
What is the hundred thousands digit of 2494391633?
3
What is the hundred thousands digit of 22706614?
7
What is the ten millions digit of 720219972?
2
What is the hundreds digit of 1129507452?
4
What is the ten millions digit of 25849142?
2
What is the millions digit of 2636710624?
6
What is the ten thousands digit of 1215750501?
5
What is the tens digit of 857192381?
8
What is the millions digit of 787397575?
7
What is the hundred thousands digit of 330940119?
9
What is the thousands digit of 145667693?
7
What is the units digit of 408639091?
1
What is the thousands digit of 35427806?
7
What is the hundreds digit of 192294554?
5
What is the tens digit of 4469881?
8
What is the tens digit of 37905347?
4
What is the millions digit of 97957630?
7
What is the thousands digit of 259416293?
6
What is the thousands digit of 1395534486?
4
What is the hundred thousands digit of 238497735?
4
What is the ten millions digit of 6153475929?
5
What is the ten millions digit of 69894682?
6
What is the hundreds digit of 5063684?
6
What is the ten millions digit of 415726605?
1
What is the hundreds digit of 4847597356?
3
What is the ten thousands digit of 585262658?
6
What is the millions digit of 131712987?
1
What is the tens digit of 71068028?
2
What is the millions digit of 454576090?
4
What is the ten millions digit of 571548367?
7
What is the millions digit of 613900222?
3
What is the thousands digit of 54352126?
2
What is the ten millions digit of 270176395?
7
What is the units digit of 16616933?
3
What is the ten thousands digit of 2117998272?
9
What is the hundred millions digit of 955907046?
9
What is the hundreds digit of 68290335?
3
What is the millions digit of 14918998?
4
What is the hundreds digit of 183892374?
3
What is the units digit of 3823635575?
5
What is the hundreds digit of 411752045?
0
What is the ten millions digit of 22600824?
2
What is the hundred thousands digit of 14687306?
6
What is the tens digit of 4794738564?
6
What is the billions digit of 2734374493?
2
What is the tens digit of 275765157?
5
What is the hundreds digit of 39761916?
9
What is the hundred millions digit of 7070806176?
0
What is the ten thousands digit of 2227654349?
5
What is the ten millions digit of 95239546?
9
What is the hundred millions digit of 161112823?
1
What is the hundreds digit of 277443248?
2
What is the millions digit of 6497528989?
7
What is the millions digit of 1301585311?
1
What is the millions digit of 2936933106?
6
What is the hundred thousands digit of 8289997477?
9
What is the units digit of 75772025?
5
What is the hundred thousands digit of 10902400?
9
What is the hundred thousands digit of 1031623591?
6
What is the billions digit of 1288717722?
1
What is the hundred millions digit of 318709162?
3
What is the ten millions digit of 130659299?
3
What is the ten millions digit of 3190976864?
9
What is the ten thousands digit of 832627027?
2
What is the millions digit of 213708443?
3
What is the units digit of 468823730?
0
What is the units digit of 275379206?
6
What is the billions digit of 1388918414?
1
What is the thousands digit of 1208649251?
9
What is the ten thousands digit of 105563642?
6
What is the billions digit of 4134888496?
4
What is the ten millions digit of 4022082458?
2
What is the hundreds digit of 394247661?
6
What is the ten thousands digit of 975351576?
5
What is the thousands digit of 844055190?
5
What is the hundreds digit of 12210034?
0
What is the millions digit of 202861989?
2
What is the hundred millions digit of 1240171340?
2
What is the ten thousands digit of 92288043?
8
What is the ten millions digit of 77118865?
7
What is the thousands digit of 521581131?
1
What is the millions digit of 15298923?
5
What is the units digit of 5527836?
6
What is the ten millions digit of 11696380?
1
What is the hundreds digit of 137730617?
6
What is the millions digit of 33871136?
3
What is the ten millions digit of 4937817045?
3
What is the millions digit of 38882189?
8
What is the ten millions digit of 138388937?
3
What is the hundred thousands digit of 40719901?
7
What is the thousands digit of 883176257?
6
What is 